the highest common factor of 104404 and 9116.
172
What is the highest common factor of 28 and 324?
4
What is the highest common factor of 159 and 549133?
53
Calculate the greatest common divisor of 774496 and 16.
16
Calculate the greatest common factor of 9447 and 9849.
201
What is the highest common factor of 52188 and 15?
3
What is the greatest common divisor of 352 and 437248?
32
Calculate the highest common divisor of 68411 and 203.
203
Calculate the greatest common divisor of 5251 and 6.
1
Calculate the greatest common divisor of 2590 and 30934960.
2590
Calculate the greatest common factor of 14342 and 4242.
202
What is the highest common factor of 646 and 525521?
323
What is the greatest common divisor of 40917 and 1311?
69
Calculate the greatest common factor of 12087 and 21093.
237
What is the greatest common divisor of 76 and 3372?
4
What is the highest common factor of 1248 and 2340?
156
Calculate the greatest common factor of 695 and 90350.
695
Calculate the highest common divisor of 210 and 170590.
70
What is the highest common divisor of 132 and 11056452?
132
Calculate the highest common factor of 341 and 808170.
341
What is the greatest common factor of 5764 and 275?
11
What is the greatest common factor of 182 and 156156?
182
What is the greatest common factor of 10386 and 25794?
18
Calculate the greatest common factor of 78 and 222170.
26
What is the highest common factor of 15 and 1468300?
5
Calculate the highest common factor of 48 and 1461.
3
What is the highest common factor of 11015200 and 800?
800
What is the highest common factor of 20726 and 44806?
86
What is the greatest common factor of 101075 and 325?
325
Calculate the greatest common divisor of 19 and 487065.
19
Calculate the highest common factor of 4250 and 116500.
250
What is the greatest common divisor of 34 and 38267?
17
What is the greatest common factor of 10044 and 91884?
372
Calculate the greatest common factor of 485685 and 774.
387
Calculate the greatest common factor of 300 and 144948.
12
What is the greatest common factor of 19005 and 1617?
21
Calculate the highest common divisor of 870 and 54345.
15
What is the greatest common divisor of 148863 and 1209?
39
Calculate the highest common divisor of 3587143 and 245.
49
What is the greatest common divisor of 559 and 858?
13
Calculate the greatest common factor of 1701 and 26973.
243
What is the greatest common divisor of 13124 and 5542?
34
What is the highest common divisor of 2139 and 837?
93
What is the greatest common factor of 149880 and 150?
30
What is the greatest common factor of 120384 and 1088?
64
What is the greatest common factor of 52311 and 107961?
1113
What is the greatest common divisor of 44288 and 1024?
256
What is the highest common factor of 108 and 408?
12
Calculate the highest common divisor of 8217 and 627.
33
What is the highest common factor of 15764 and 4242?
14
What is the greatest common divisor of 5225 and 19228?
209
Calculate the highest common divisor of 1598 and 748.
34
What is the highest common divisor of 360660 and 60?
60
What is the greatest common divisor of 3408 and 20544?
48
What is the highest common factor of 638 and 986?
58
Calculate the highest common divisor of 512 and 471936.
128
Calculate the greatest common divisor of 568 and 316.
4
Calculate the highest common factor of 125653 and 44.
11
What is the highest common factor of 1462 and 4042?
86
What is the highest common factor of 522583 and 23?
23
What is the greatest common factor of 49870 and 135?
5
What is the highest common divisor of 132 and 327591?
33
What is the greatest common divisor of 319629 and 6?
3
Calculate the greatest common factor of 12 and 76542.
6
Calculate the highest common factor of 10 and 164995.
5
What is the greatest common divisor of 397 and 227878?
397
Calculate the greatest common divisor of 8267 and 168.
7
Calculate the highest common factor of 312 and 1392.
24
Calculate the greatest common divisor of 92209 and 520.
13
Calculate the greatest common divisor of 2349 and 2511.
81
What is the greatest common factor of 8320 and 325?
65
Calculate the highest common divisor of 1430 and 121660.
110
Calculate the greatest common factor of 343772 and 364.
52
What is the highest common divisor of 15 and 1819245?
15
What is the highest common factor of 34461 and 21?
21
What is the greatest common divisor of 98 and 81046?
98
Calculate the greatest common factor of 391727 and 749.
749
What is the greatest common divisor of 9481 and 7353?
19
Calculate the greatest common factor of 752 and 30268.
188
What is the greatest common divisor of 3440 and 2322?
86
What is the highest common factor of 24 and 103164?
12
Calculate the highest common factor of 888 and 2029968.
888
What is the greatest common factor of 66 and 10020?
6
Calculate the greatest common divisor of 990862 and 604.
302
Calculate the greatest common divisor of 268679 and 395.
79
What is the greatest common factor of 170 and 986?
34
What is the greatest common divisor of 175 and 37555?
35
Calculate the greatest common factor of 608 and 20767.
19
Calculate the highest common divisor of 357 and 31297.
119
What is the highest common factor of 221856 and 12?
12
Calculate the greatest common divisor of 46764 and 516.
12
What is the greatest common divisor of 120 and 91480?
40
What is the highest common divisor of 9085 and 66585?
115
Calculate the highest common factor of 66 and 193215.
33
Calculate the greatest common divisor of 603 and 25661.
67
What is the greatest common factor of 1192 and 727716?
596
Calculate the greatest common factor of 2120 and 105205.
265
What is the greatest common divisor of 355320 and 81?
27
Calculate the highest common factor of 49766 and 8350.
334
What is the greatest common factor of 546 and 91882?
14
What is the greatest common factor of 448 and 472528?
112
What is the greatest common factor of 1504 and 1038888?
376
Calculate the greatest common divisor of 50 and 47680.
10
What is the highest common divisor of 1806580 and 260?
20
What is the greatest common factor of 6350 and 173482?
254
What is the highest common divisor of 759 and 30061?
23
What is the greatest common factor of 32956 and 11?
11
Calculate the greatest common factor of 49 and 336287.
49
What is the greatest common factor of 3962335 and 1222?
611
What is the greatest common factor of 122 and 394853?
61
What is the greatest common factor of 700 and 51975?
175
Calculate the greatest common divisor of 187 and 155023.
187
What is the highest common factor of 5368 and 30195?
671
What is the highest common factor of 44746 and 299?
13
Calculate the greatest common factor of 244 and 5220563.
61
What is the highest common divisor of 5208 and 20664?
168
What is the greatest common divisor of 90 and 5489658?
18
What is the highest common divisor of 306 and 6613?
17
What is the highest common factor of 41974 and 26350?
62
What is the highest common factor of 1250 and 1026500?
250
Calculate the greatest common factor of 215 and 4855.
5
What is the greatest common factor of 2250 and 2875?
125
Calculate the highest common factor of 726 and 96690.
66
What is the greatest common divisor of 73832 and 88?
88
What is the highest common divisor of 5913 and 63?
9
Calculate the greatest common divisor of 1267 and 3077.
181
Calculate the greatest common divisor of 18438 and 5306.
14
Calculate the greatest common factor of 8931 and 117.
39
Calculate the highest common factor of 513261 and 441.
63
Calculate the highest common divisor of 74 and 33226.
74
What is the greatest common divisor of 700 and 25600?
100
What is the highest common factor of 112888 and 1096?
1096
What is the highest common factor of 119 and 1183?
7
Calculate the highest common divisor of 13916 and 3124.
284
Calculate the highest common divisor of 1136550 and 750.
150
What is the greatest common divisor of 28806 and 6?
6
What is the highest common factor of 1635 and 2289?
327
What is the greatest common divisor of 9449 and 73874?
859
What is the greatest common divisor of 74 and 454582?
74
What is the highest common divisor of 1 and 12097?
1
What is the highest common factor of 286 and 7748?
26
What is the highest common factor of 55593 and 135?
27
Calculate the greatest common factor of 1066 an